2
Let w(v) = -2*v + 112. Determine w(23).
66
Let a(s) = -11*s**2 - 211*s - 171. Determine a(-18).
63
Let z(h) = -29*h**2 + 501*h - 92. Give z(17).
44
Let c(a) = -129*a - 9166. Calculate c(-71).
-7
Let z(a) = -17*a**3 + 4*a**2 + a - 4. Determine z(-2).
146
Let u(t) = -t**2 - 156*t - 462. What is u(-3)?
-3
Let s(q) = q**2 - 125*q + 1992. What is s(106)?
-22
Let d(s) = s**2 - 2351*s + 17. Give d(0).
17
Let p(k) = -k**3 + 36*k - 96. Give p(4).
-16
Let x(b) = -b**2 + 99*b + 990. Calculate x(-9).
18
Let b(i) = -i**3 - 5*i**2 - 8. Determine b(-4).
-24
Let v(f) = 61*f - 1561. Calculate v(15).
-646
Let g(m) = m**3 - 4*m**2 - 12*m + 18. Give g(4).
-30
Let o(m) = -2632*m + 31586. Calculate o(12).
2
Let t(g) = -g**3 + 18*g**2 - 58*g + 28. Give t(14).
0
Let j(s) = s**3 + 85*s**2 + 163*s - 253. What is j(-83)?
-4
Let q(o) = -3*o**3 - 66*o**2 + 4. What is q(-22)?
4
Let h(j) = -j**3 + j**2 - 9*j + 6. Give h(2).
-16
Let m(z) = -z**2 + 44. What is m(-12)?
-100
Let c(a) = a**2 - 62*a - 5860. What is c(-52)?
68
Let j(r) = -204*r - 23861. What is j(-117)?
7
Let x(k) = -k**3 - 31*k**2 + 42*k + 10. Calculate x(-32).
-310
Let q(t) = -t**3 - 21*t**2 - 55*t - 1697. What is q(-22)?
-3
Let n(g) = 3*g**2 - 32*g + 625. Give n(16).
881
Let q(j) = j**3 + 12*j**2 + 24*j - 13. What is q(-5)?
42
Let w(p) = 10*p**3 + 62*p**2 - 24*p - 213. What is w(-6)?
3
Let s(g) = -95*g + 35. What is s(0)?
35
Let s(t) = -2*t**3 - 54*t**2 - 48*t + 90. Give s(-26).
-14
Let o(k) = 995*k - 3857. Give o(4).
123
Let w(l) = -112*l + 94. Give w(3).
-242
Let a(x) = -3*x**2 - 6*x + 323. Give a(-14).
-181
Let r(j) = j**2 - 22*j + 89. Give r(7).
-16
Let b(s) = 65*s**2 - 1054*s - 40. Calculate b(16).
-264
Let o(q) = 2*q**3 + 2*q**2 - 61*q. What is o(-6)?
6
Let r(s) = -9*s - 268. Give r(-35).
47
Let c(o) = 2*o**3 - 8*o**2 - 118*o + 562. Calculate c(7).
30
Let t(c) = c**2 - 23*c - 419. Determine t(33).
-89
Let d(l) = -4*l + 45. What is d(6)?
21
Let o(x) = -3*x**3 - x**2 + 19*x - 30. Determine o(2).
-20
Let z(f) = -2218*f + 6623. Calculate z(3).
-31
Let b(k) = k**2 + 17*k - 1721. Determine b(-51).
13
Let d(x) = -x**3 - 38*x**2 - 165*x - 14. Determine d(-5).
-14
Let d(o) = -o**3 + 28*o**2 + 63*o + 53. Give d(30).
143
Let d(p) = -170*p + 1268. Determine d(8).
-92
Let b(a) = 2678*a - 18733. Calculate b(7).
13
Let f(d) = -3*d**3 + 41*d**2 - 29*d + 13. Calculate f(13).
-26
Let j(r) = 2*r**2 + 208*r - 12. Determine j(-105).
198
Let n(g) = g**3 + 6*g**2 + 3*g - 43. Calculate n(-6).
-61
Let a(b) = -2*b**3 - 46*b**2 - b - 40. Calculate a(-23).
-17
Let j(z) = -8*z**3 + 392*z**2 + 395*z + 2. What is j(-1)?
7
Let d(b) = 124*b + 369. Determine d(-3).
-3
Let z(a) = -19*a**3 + a - 1. Give z(1).
-19
Let k(h) = -6*h + 127. Give k(-25).
277
Let w(m) = m**3 - 8*m**2 - 3*m - 30. Give w(9).
24
Let b(h) = -h**3 - 14*h**2 - 42*h + 22. Calculate b(-6).
-14
Let k(q) = -9*q - 141. Determine k(-18).
21
Let f(q) = q**3 - 104*q**2 + 491*q + 383. Calculate f(99).
-13
Let d(w) = w**3 - 2*w**2 + 1583*w - 4757. Calculate d(3).
1
Let o(h) = 198*h**2 + 2*h - 6. Give o(2).
790
Let v(z) = 4*z - 204. Give v(51).
0
Let p(b) = -333*b - 2669. Give p(-8).
-5
Let w(d) = d**2 + 61*d + 277. Determine w(-55).
-53
Let k(w) = -125*w - 2119. Determine k(-17).
6
Let r(j) = 7*j - 223. What is r(44)?
85
Let k(s) = 7*s**2 - 95*s + 67. What is k(14)?
109
Let h(f) = -2*f**3 + 56*f**2 - 48*f - 154. Calculate h(27).
8
Let g(s) = 105*s**2 + 520*s - 28. Calculate g(-5).
-3
Let t(v) = -1386*v + 16637. Give t(12).
5
Let r(l) = 108*l + 1254. Calculate r(-11).
66
Let c(l) = -79*l + 69. Calculate c(-2).
227
Let z(b) = 2*b**3 - 5*b**2 - 12*b - 27. Calculate z(6).
153
Let i(m) = -m**3 - 16*m**2 + 257*m + 4084. Give i(-15).
4
Let c(l) = 8*l**2 - 9*l + 10. Give c(2).
24
Let c(g) = -17*g + 701. Determine c(41).
4
Let v(x) = -61*x + 375. Calculate v(9).
-174
Let f(y) = 7*y**3 - 168*y**2 + 13*y - 44. What is f(24)?
268
Let x(k) = -k**3 + 35*k**2 - 88*k - 252. Calculate x(32).
4
Let r(n) = -702*n + 259. Determine r(1).
-443
Let j(d) = -2*d**3 - 3*d**2 + 7*d. Determine j(-2).
-10
Let w(d) = 112*d + 10832. Give w(-97).
-32
Let f(n) = n**2 + 27*n - 9. Give f(-22).
-119
Let l(y) = -102*y + 1316. Determine l(14).
-112
Let u(k) = -811*k - 19466. Calculate u(-24).
-2
Let g(k) = k**3 + 6*k**2 - k - 4. Give g(-3).
26
Let c(j) = -j**2 + 250*j - 6966. What is c(32)?
10
Let r(q) = 18*q - 57. Determine r(-15).
-327
Let t(b) = b**2 + 24*b - 58. What is t(6)?
122
Let y(i) = i**2 - 48*i - 523. What is y(57)?
-10
Let b(x) = x**3 + 5*x**2 + 6*x - 14. What is b(-5)?
-44
Let x(j) = -j**2 + 38*j + 358. Determine x(-8).
-10
Let x(j) = 2*j**3 + 7*j**2 + 213*j + 849. Determine x(-4).
-19
Let x(m) = 178*m + 3914. What is x(-22)?
-2
Let a(l) = -222*l - 768. Give a(-4).
120
Let n(m) = 93*m + 2528. Give n(-27).
17
Let d(n) = 128*n + 10117. What is d(-79)?
5
Let m(j) = j**2 + 46*j - 86. What is m(-51)?
169
Let o(t) = -t**2 + 171*t - 7218. Give o(95).
2
Let w(t) = t**2 + 20*t - 36. What is w(-21)?
-15
Let d(g) = g**3 + 15*g**2 - 51*g - 581. Give d(-16).
-21
Let a(c) = -c**2 + 76*c - 272. Determine a(72).
16
Let m(h) = 3*h**3 + 264*h**2 - 275*h - 706. What is m(-89)?
6
Let q(d) = -28*d - 136. What is q(-4)?
-24
Let k(m) = 17*m**2 + 139*m + 15. Give k(-10).
325
Let l(u) = -24*u**2 - 1. Determine l(-1).
-25
Let p(j) = -4*j**2 + 169*j + 936. Give p(47).
43
Let l(q) = 17019*q - 34023. Calculate l(2).
15
Let a(v) = 161*v - 1321. What is a(8)?
-33
Let s(p) = -25*p**2 + 223*p + 16. What is s(9)?
-2
Let o(v) = -3*v**2 + 29*v + 60. Determine o(11).
16
Let w(q) = -q**2 - 33*q + 51. Calculate w(-36).
-57
Let r(q) = 163*q + 14681. Determine r(-90).
11
Let p(z) = -22*z + 99. What is p(6)?
-33
Let p(x) = -2*x**3 + 8*x**2 + 48*x - 104. Give p(2).
8
Let s(d) = 2*d**2 + 26*d + 110. What is s(-7)?
26
Let x(l) = -134*l - 3195. Determine x(-24).
21
Let w(s) = -2*s**3 - 19*s**2 + 5*s - 43. Give w(-10).
7
Let o(h) = 4*h**3 + 3*h**2 + 2*h - 23. Calculate o(-3).
-110
Let i(w) = -w**3 + 8*w**2 + 6*w - 81. Determine i(7).
10
Let x(f) = -2*f**3 - 23*f**2 + 59*f + 768. What is x(-11)?
-2
Let u(l) = -2*l**3 - 60*l**2 + 5*l + 107. Determine u(-30).
-43
Let n(p) = 2208*p - 8803. Give n(4).
29
Let q(l) = -l**3 - 31*l**2 - 128*l - 20. Determine q(-26).
-72
Let q(r) = -2*r**3 + 15*r**2 + 4*r + 30. Determine q(8).
-2
Let t(m) = -850*m + 5081. Calculate t(6).
-19
Let o(d) = -6*d**2 + 8*d - 10. Give o(3).
-40
Let i(p) = 63*p - 133. Give i(3).
56
Let n(t) = -2*t**3 + 82*t**2 - 90*t + 405. Give n(40).
5
Let k(q) = -q**3 + 62*q**2 - 387*q + 107. What is k(55)?
-3
Let a(t) = 233*t + 5. What is a(-2)?
-461
Let i(p) = -2*p**3 - 115*p**2 + 2445*p + 223. Determine i(-74).
1
Let j(a) = -a**3 - 18*a**2 + 8*a + 22. Calculate j(-18).
-122
Let i(p) = 28*p + 61. Calculate i(-10).
-219
Let s(d) = -41*d + 71. Determine s(1).
30
Let v(z) = -z**3 - 86*z**2 - 1683*z - 103. Determine v(-56).
65
Let s(p) = -p**2 + 9*p + 194. Give s(-10).
4
Let o(c) = -c**2 - c - 11. What is o(6)?
-53
Let p(i) = i**2 + 11*i - 171. Calculate p(-19).
-19
Let i(l) = -117*l + 11459. Calculate i(98).
-7
Let u(z) = z**2 - 2*z - 66. What is u(-8)?
14
Let p(y) = 4*y**2 + 89*y - 71. What is p(-23)?
-2
Let b(h) = 25*h + 3607. Give b(-126).
457
Let p(o) = 138*o - 678. What is p(5)?
12
Let t(o) = -193*o + 2737. Give t(14).
35
Let s(l) = -3*l**2 + 149*l + 9377. Calculate s(86).
3
Let a(y) = -825*y + 13194. Give a(16).
-6
Let d(l) = 5*l**2 - 10*l + 26. Give d(7).
201
Let f(p) = 152*p**3 - 4*p**2 + 7*p - 5. Determine f(1).
150
Let h(y) = 4227*y + 25357. Calculate h(-6).
-5
Let r(l) = -l**2 + 11*l + 173. Determine r(-12).
-103
Let v(o) = 216*o - 351. Give v(1).
-135
Let o(i) = 11*i**2 - 45*i - 12. Calculate o(5).
38
Let y(q) = -q**2 - 92*q - 527. Calculate y(-86).
-11
Let d(g) = g**2 + 10*g + 6. Calculate d(-1).
-3
Let p(q) = -8*q**2 + 16*q + 41. What is p(-4)?
-151
Let d(m) = 2*m**3 - 4*m**2 - 5*m - 3. What is d(-2)?
-25
Let y(r) = 87*r - 643. Give y(7).
-34
Let n(c) = -40*c - 2606. What is n(-69)?
154
Let o(y) = -1625*y - 6496. Determine o(-4).
4
Let b(s) = s**3 - 112*s**2 - 340*s - 573. Give b(115).
2
Let i(z) = -z**3 + 10*z**2 + 465*z - 4997. Calculate i(11).
-3
Let u(s) = 3*s**3 + 4*s**2 - 3*s + 6. Calculate u(-4).
-110
Let c(f) = 2*f**3 + 11*f**2 + 33*f - 1. Determine c(-4).
-85
Let q(y) =